site number?
False
Suppose 5*l + 415 = -2*f, -l - 618 = 3*f + 2*l. Let c = 390 + f. Is c prime?
False
Let r(a) = a**3 - 2*a**2 + 2*a - 1. Suppose 0 = -3*i + 1 + 5. Is r(i) a composite number?
False
Let r(i) = i**3 - 5*i**2 - 8*i + 6. Let d be r(6). Let w = -12 - d. Is 112/6 + (-2)/w composite?
False
Suppose 13*n + 476 = 17*n. Is n composite?
True
Suppose -4*p + 4 = -3*a - 27, -4*p = 5*a - 55. Is 206/p + (-2)/(-5) prime?
False
Is 3 - 3/(3/(-154)) a composite number?
False
Suppose 3*j - j = -4. Is 53 + 0/j*1 composite?
False
Let j(v) = -129*v**2 - 7*v - 2. Let g(m) = -64*m**2 - 3*m - 1. Let n(l) = -7*g(l) + 3*j(l). Is n(-1) a prime number?
False
Let y = -1 - 0. Is 114 - 3/y - -2 a prime number?
False
Let a = -9 + 18. Let d(k) = 4 + 3 + k - 1 + a*k**2 - k**3. Is d(9) composite?
True
Suppose c = -2*b + 1842, 0 = b + 3*c + c - 935. Is b composite?
False
Is (-816)/(-14) - (-2)/(-7) - -1 prime?
True
Let o(m) = 13*m**2 + 5*m - 21. Is o(5) a composite number?
True
Let o be (6/(-4))/(12/(-1168)). Let h = o + -67. Is h a prime number?
True
Let p(a) = -3*a + a**2 + a - 4*a. Let j be p(6). Suppose 5*b + 165 = 2*u, -u - 2*b - b + 88 = j. Is u prime?
False
Let c(k) = -3*k**3 - k**2 - 2*k - 5. Is c(-4) a composite number?
False
Let n = 7 + -7. Suppose n = 4*q - 41 + 1. Is (55/(-2))/((-5)/q) prime?
False
Suppose 3451 = 3*w + 4*l, w - 4*w = -3*l - 3486. Is w prime?
False
Suppose 3*j - 3*r - 132 = -0*r, -r = 3*j - 132. Is ((-15)/(-6))/5*j composite?
True
Suppose 0 = 3*h - 80 + 2. Is h a composite number?
True
Is (-2 - (-82 + 1)) + 4 a composite number?
False
Is (-12)/3 + (11 - -5026) a prime number?
False
Suppose 4*l - 5*o + 8 = 0, -2*l - o - 10 = 3*l. Let b be (-4)/l*5/5. Suppose -3*v - 2*c = -181, -c = v + b*c - 65. Is v composite?
False
Let x(t) = 3*t - 1. Let p be x(2). Let c(i) = -3*i - 5 - p*i**3 + 8*i**2 + 5*i**3 + i**3. Is c(-8) a prime number?
True
Let r(b) = -57*b**3 - b**2 - 2*b - 1. Let j = 7 - 8. Let w be r(j). Suppose 0 = -2*p + 125 + w. Is p composite?
True
Let o be (-9)/3 + 260 - 3. Let s be 3 + (-1*o - 3). Is 4/2 - (3 + s) prime?
False
Let p = 19 + 473. Suppose x - 5*x = p. Let o = -36 - x. Is o prime?
False
Let n = 3 + -2. Let s = 4 - n. Let x(u) = 5*u**3 - 3*u**2 - 5*u + 4. Is x(s) a prime number?
True
Let o(r) = 4*r**2 - 6*r - 5. Suppose -2*c + 8 = -t, 3*c - 4*c = 4*t + 14. Is o(t) prime?
True
Let z(n) = -n**3 - 4*n**2 + n + 1. Let p be z(-4). Is -9*-17*(-1)/p a composite number?
True
Let k(j) = -j - 1. Let m(c) = -3*c - 9. Let a(u) = -4*k(u) + m(u). Let h be a(5). Suppose h*n + 31 = n. Is n composite?
False
Suppose -a + 85 + 370 = 0. Suppose 37 = -3*o + 2*d + 294, 2*d - a = -5*o. Is o a composite number?
False
Let h(u) = -u - 4. Let s be h(-4). Suppose 2*w + 67 - 289 = 0. Suppose 3*v - w = -s*v. Is v a prime number?
True
Suppose -5*j = 3498 + 1217. Let x be 12/(-20) - j/5. Let z = -129 + x. Is z a composite number?
False
Let a = 48 + -10. Is a a composite number?
True
Suppose -12 = -5*k + 388. Let h(i) = -6*i**2. Let n be h(-3). Let p = k + n. Is p composite?
True
Suppose -5*y + 790 = 305. Is y prime?
True
Let g be 2 + (0/(-3))/(-2). Suppose g*w + 0*w = 110. Is w a composite number?
True
Let z be (-1)/(-5) - 118/(-10). Suppose 3*n - 125 = -2*n. Let i = n + z. Is i composite?
False
Suppose 0 = 2*x + h - 338, -112 = -4*x - 5*h + 564. Is x a composite number?
True
Let t(h) = -h - 1. Let f be ((-3)/6)/(1/4). Let y be t(f). Suppose -9 = -i + y. Is i composite?
True
Let q(m) = 54*m**3 - m**2. Is q(1) a composite number?
False
Let t be (-6)/(-9) + 583/3. Suppose 3*y = -5*k + t, -4*y + 0*y = -4*k - 260. Is y composite?
True
Let h(f) = 5*f + 1. Let n be h(-10). Is (-553)/n + 2/(-7) composite?
False
Let c(r) = 524*r + 5. Is c(1) composite?
True
Suppose -4*t = -7 - 5. Let a(n) = 12*n**3 - 4*n**2 + 2*n - 1. Is a(t) a composite number?
False
Let c(u) = 3*u + 15. Let p(d) = -d + 7. Let f(h) = -3*h + 15. Let x(w) = 2*f(w) - 5*p(w). Let v(r) = -4*c(r) - 11*x(r). Is v(-7) prime?
True
Let k = 293 - 155. Suppose 4*s - 2*q = k, 0 = 7*s - 2*s - 3*q - 170. Is s prime?
True
Suppose -11*b = -6*b - 100. Let x(k) = k + 13. Let u be x(0). Let z = b - u. Is z a prime number?
True
Suppose -c + 2*c - n - 4 = 0, 2*c = -3*n - 2. Suppose 0*i = -i + 2*t + 9, -c*i - t = -23. Is i composite?
False
Let h = -13885 + 19632. Is h prime?
False
Suppose -3*b = -2*d + 13, b + 3*b + 17 = 3*d. Is (-1)/(d*2/46) prime?
True
Let b = 348 + -230. Is b composite?
True
Suppose -2*q - 2*s = 2*q - 320, 2*s + 172 = 2*q. Is q composite?
True
Suppose -3*h - 2*h = -5. Is 11*(2 + (16 - h)) prime?
False
Suppose -4*p = -8*p - 24. Let h = 6 + p. Is (-3 - (h + -2))*-53 a composite number?
False
Suppose 1 = -3*y - 2, -4*y = -5*k + 389. Suppose -a = -2*a + k. Is a composite?
True
Let w(b) = b + 1. Let x(p) be the third derivative of p**4/3 + 5*p**3/6 - p**2. Let z(o) = 5*w(o) - x(o). Is z(-2) composite?
True
Let x = 330 - 194. Let h = x + -83. Is h a prime number?
True
Is 7/2*(24 - -2) a composite number?
True
Let w(d) = -d**2 + 7*d - 7. Let q be w(5). Suppose -550 = -q*l + 23. Is l a composite number?
False
Let b be ((-116)/6)/2*-21. Let c = b + -88. Is c a composite number?
True
Let a(b) = b + 1. Let m be a(1). Suppose 3*d = 2*n - d - 136, 4*n - d = 265. Suppose g + m*g = n. Is g prime?
False
Is 478 - (3 + (3 - 7)) composite?
False
Suppose 46232 = 12*h - 16276. Is h a composite number?
False
Suppose 0 = 15*j - 10*j - 24185. Is j a prime number?
False
Is 2 - (3 - 4*524) composite?
True
Let a = -1833 + 3634. Is a composite?
False
Let z = 0 + 10. Suppose -4 = -2*d - 2*d, -3*d = 2*i - 11. Is ((-138)/(-3))/(i/z) a prime number?
False
Let p(g) = g**2 + 2*g + 379. Is p(0) prime?
True
Let q(t) = 6*t**2 + 2*t + 3. Let r(v) = v**2. Let b(h) = q(h) - 5*r(h). Let g be b(-3). Let l = g + 0. Is l a composite number?
True
Suppose -3*u + 156 = -4*g + 2*u, 4*g + 4*u + 156 = 0. Let x = -2 - g. Is x a composite number?
False
Suppose -5*s = 5*g - 20, -3*g + 4 = s - 12. Suppose -3*w - 3*b = -0*w + 3, -4*w + g = 2*b. Suppose -2*v - 3*v = -4*o + 456, -2*v = -w*o + 444. Is o composite?
False
Let a = 2624 - 377. Suppose k = -2*k + a. Is k a prime number?
False
Suppose -4*m - 10 - 10 = 0. Let z(n) = -n - 6. Let k be z(m). Let b = 12 - k. Is b a composite number?
False
Suppose -2*d = -6*d. Suppose 0 = 3*f + 5*a - 168 - 309, d = 5*f - 4*a - 758. Is (f/(-6))/(3/(-9)) prime?
False
Suppose 4*j = -5*b + 3141, 3*b - 2*j - 1867 = -0*b. Suppose 0 = -0*a + 5*a - b. Let u = 222 - a. Is u prime?
True
Let g be ((-39)/2)/((-1)/2). Let m(f) = -f**3 - 4*f**2 + 2*f - 7. Let i be m(-5). Let d = g - i. Is d composite?
False
Let b(h) = -624*h - 25. Is b(-3) composite?
False
Let m(r) = 44*r - 47. Is m(21) a prime number?
True
Let m(b) = -17*b**3 - b**2 - 1. Let l(t) = -35*t**3 - 2*t**2 - 2. Let z(d) = -2*l(d) + 5*m(d). Let r be z(-2). Let s = 338 - r. Is s prime?
True
Let z = 8 + -13. Let p(b) = b + b + b**2 + 0*b**2 - b - 7. Is p(z) a composite number?
False
Let m(n) = 106*n + 103. Is m(26) a prime number?
False
Let b(k) = 9*k**2 - 6*k + 5. Is b(6) composite?
False
Let z(h) be the first derivative of h**5/20 + 3*h**4/4 + 2*h**3/3 - 5*h**2/2 + 2*h - 3. Let i(r) be the first derivative of z(r). Is i(-4) a composite number?
False
Suppose 0*k - 12 = -4*k. Is (k - -50) + 6/3 composite?
True
Let d(n) = -14*n - 3. Is d(-8) composite?
False
Let n = 13 + -9. Let r = -2 + n. Suppose 3*z - r*z = 223. Is z a prime number?
True
Suppose 67*p = 59*p + 40616. Is p prime?
True
Is -1*68/(-6)*3 a prime number?
False
Let o(k) = -k + 1. Let i be o(1). Let w(p) be the third derivative of p**5/60 + p**4/24 + 53*p**3/6 - 4*p**2. Is w(i) a prime number?
True
Suppose 7*y + 3580 = 11*y. Is y prime?
False
Suppose -4*u - 2656 = -8*u. Suppose -i = i - u. Suppose -5*c = -4*q + 336, 0 = -3*q - q + 4*c + i. Is q composite?
False
Suppose -2*r = -m + 5*m, -4*m - 12 = 0. Suppose -r - 2 = -2*h. Suppose h*j = -15 + 55. Is j a prime number?
False
Let w(x) = x + 16. Is w(5) prime?
False
Let y(i) = 35*i - 1. Suppose -5*o - g - 3*g = -16, 5*g + 1 = -o. Is y(o) a composite number?
False
Let g be (-8)/(-6) + 152/12. Let d = g - -113. Is d a prime number?
True
Let u(g) = -g**3 - 4*g**2 + 4*g. Let h(k) = 2*k + 11. Let m be h(-8). Let n be u(m). Suppose -5*j = -2*j + 4*a - 74, 108 = n*j - a